{"id":1273,"date":"2019-09-12T11:44:26","date_gmt":"2019-09-12T09:44:26","guid":{"rendered":"http:\/\/www.polenallergie.de\/?page_id=1273"},"modified":"2019-09-12T11:58:30","modified_gmt":"2019-09-12T09:58:30","slug":"sing-sing-penelope-2008","status":"publish","type":"page","link":"https:\/\/www.polenallergie.de\/index.php\/sing-sing-penelope-2008\/","title":{"rendered":"SING SING PENELOPE 2008"},"content":{"rendered":"<p>[et_pb_section fb_built=&#8220;1&#8243; admin_label=&#8220;Gallery&#8220; _builder_version=&#8220;3.27.2&#8243; use_background_color_gradient=&#8220;on&#8220; background_color_gradient_start=&#8220;rgba(239,86,86,0.82)&#8220; background_color_gradient_end=&#8220;rgba(68,45,133,0.79)&#8220; min_height=&#8220;634px&#8220; custom_margin=&#8220;||||false|false&#8220; custom_padding=&#8220;84px||165px|||&#8220; locked=&#8220;off&#8220; fb_built=&#8220;1&#8243; _i=&#8220;0&#8243; _address=&#8220;0&#8243;][et_pb_row column_structure=&#8220;1_2,1_2&#8243; use_custom_gutter=&#8220;on&#8220; gutter_width=&#8220;1&#8243; _builder_version=&#8220;3.25.3&#8243; transform_scale_last_edited=&#8220;on|desktop&#8220; transform_translate=&#8220;2vw|0px&#8220; transform_translate_tablet=&#8220;0px|0px&#8220; transform_translate_last_edited=&#8220;on|desktop&#8220; transform_translate_linked=&#8220;off&#8220; transform_rotate_last_edited=&#8220;on|desktop&#8220; transform_skew_last_edited=&#8220;on|desktop&#8220; transform_origin_last_edited=&#8220;on|desktop&#8220; transform_styles_last_edited=&#8220;on|desktop&#8220; custom_padding=&#8220;0px||0px||true|&#8220; _i=&#8220;0&#8243; _address=&#8220;0.0&#8243;][et_pb_column type=&#8220;1_2&#8243; _builder_version=&#8220;3.25.3&#8243; custom_padding__hover=&#8220;|||&#8220; _i=&#8220;0&#8243; _address=&#8220;0.0.0&#8243;][\/et_pb_column][et_pb_column type=&#8220;1_2&#8243; _builder_version=&#8220;3.25.3&#8243; custom_padding__hover=&#8220;|||&#8220; _i=&#8220;1&#8243; _address=&#8220;0.0.1&#8243;][et_pb_image src=&#8220;https:\/\/www.polenallergie.de\/pa\/wp-content\/uploads\/2019\/09\/sing2.jpg&#8220; align_last_edited=&#8220;on|desktop&#8220; _builder_version=&#8220;3.27.2&#8243; box_shadow_style=&#8220;preset3&#8243; box_shadow_vertical=&#8220;40px&#8220; box_shadow_blur=&#8220;80px&#8220; box_shadow_color=&#8220;rgba(131,146,167,0.15)&#8220; custom_margin=&#8220;|-8vw|0px||false|false&#8220; custom_margin_tablet=&#8220;0px|0vw||&#8220; custom_margin_last_edited=&#8220;on|desktop&#8220; custom_padding=&#8220;||0px|||&#8220; _i=&#8220;0&#8243; _address=&#8220;0.0.1.0&#8243;][\/et_pb_image][et_pb_text _builder_version=&#8220;3.27.2&#8243; custom_margin=&#8220;||-24px||false|false&#8220; custom_margin_tablet=&#8220;||0px||false|false&#8220; custom_margin_last_edited=&#8220;on|phone&#8220; locked=&#8220;off&#8220; _i=&#8220;1&#8243; _address=&#8220;0.0.1.1&#8243;]<\/p>\n<p style=\"text-align: left;\"><span style=\"color: #ff99cc;\">\u00a0\u00a0\u00a0 Foto: <span class=\"mini\">Jutta Missbach <\/span><br \/> <\/span><\/p>\n<p>[\/et_pb_text][\/et_pb_column][\/et_pb_row][et_pb_row column_structure=&#8220;1_2,1_2&#8243; use_custom_gutter=&#8220;on&#8220; gutter_width=&#8220;1&#8243; _builder_version=&#8220;3.25.3&#8243; transform_scale_last_edited=&#8220;on|desktop&#8220; transform_translate=&#8220;2vw|0px&#8220; transform_translate_tablet=&#8220;0px|0px&#8220; transform_translate_last_edited=&#8220;on|desktop&#8220; transform_translate_linked=&#8220;off&#8220; transform_rotate_last_edited=&#8220;on|desktop&#8220; transform_skew_last_edited=&#8220;on|desktop&#8220; transform_origin_last_edited=&#8220;on|desktop&#8220; transform_styles_last_edited=&#8220;on|desktop&#8220; custom_padding=&#8220;0px||0px||true|&#8220; _i=&#8220;1&#8243; _address=&#8220;0.1&#8243;][et_pb_column type=&#8220;1_2&#8243; _builder_version=&#8220;3.25.3&#8243; custom_padding__hover=&#8220;|||&#8220; _i=&#8220;0&#8243; _address=&#8220;0.1.0&#8243;][et_pb_button button_url=&#8220;#&#8220; button_text=&#8220;SING SING PENELOPE | Jazzrock&#8220; button_alignment=&#8220;right&#8220; button_alignment_tablet=&#8220;left&#8220; button_alignment_phone=&#8220;left&#8220; button_alignment_last_edited=&#8220;on|desktop&#8220; _builder_version=&#8220;3.27.2&#8243; custom_button=&#8220;on&#8220; button_text_size=&#8220;14px&#8220; button_text_color=&#8220;#ffffff&#8220; button_bg_color=&#8220;#f46aa0&#8243; button_bg_use_color_gradient=&#8220;on&#8220; button_bg_color_gradient_start=&#8220;#ffb397&#8243; button_bg_color_gradient_end=&#8220;#f46aa0&#8243; button_bg_color_gradient_direction=&#8220;90deg&#8220; button_border_width=&#8220;0px&#8220; button_border_color=&#8220;rgba(0,0,0,0)&#8220; button_border_radius=&#8220;0px&#8220; button_letter_spacing=&#8220;5px&#8220; button_font=&#8220;Open Sans|700||on|||||&#8220; button_use_icon=&#8220;off&#8220; box_shadow_style=&#8220;preset3&#8243; box_shadow_vertical=&#8220;14px&#8220; box_shadow_blur=&#8220;80px&#8220; box_shadow_color=&#8220;#680013&#8243; transform_scale_last_edited=&#8220;on|desktop&#8220; transform_translate=&#8220;0%|0%&#8220; transform_translate_tablet=&#8220;0%|0%&#8220; transform_translate_last_edited=&#8220;on|desktop&#8220; transform_translate_linked=&#8220;off&#8220; transform_rotate_last_edited=&#8220;on|desktop&#8220; transform_skew_last_edited=&#8220;on|desktop&#8220; transform_origin_last_edited=&#8220;on|desktop&#8220; transform_styles_last_edited=&#8220;on|desktop&#8220; background_layout=&#8220;dark&#8220; custom_margin=&#8220;||0px&#8220; custom_margin_tablet=&#8220;||||false|false&#8220; custom_margin_phone=&#8220;||||false|false&#8220; custom_margin_last_edited=&#8220;on|phone&#8220; custom_padding=&#8220;30px|40px|30px|40px|true|true&#8220; z_index=&#8220;1&#8243; box_shadow_color_tablet=&#8220;#6d0014&#8243; box_shadow_color_last_edited=&#8220;off|tablet&#8220; locked=&#8220;off&#8220; transform_styles__hover_enabled=&#8220;on|hover&#8220; transform_scale__hover_enabled=&#8220;on&#8220; transform_translate__hover_enabled=&#8220;on|hover&#8220; transform_rotate__hover_enabled=&#8220;on&#8220; transform_skew__hover_enabled=&#8220;on&#8220; transform_origin__hover_enabled=&#8220;on&#8220; _i=&#8220;0&#8243; _address=&#8220;0.1.0.0&#8243;][\/et_pb_button][et_pb_image src=&#8220;https:\/\/www.polenallergie.de\/pa\/wp-content\/uploads\/2019\/09\/gorzycki1.jpg&#8220; align=&#8220;center&#8220; align_tablet=&#8220;left&#8220; align_last_edited=&#8220;off|tablet&#8220; _builder_version=&#8220;3.27.2&#8243; box_shadow_style=&#8220;preset3&#8243; box_shadow_horizontal=&#8220;40px&#8220; box_shadow_vertical=&#8220;60px&#8220; box_shadow_blur=&#8220;80px&#8220; box_shadow_spread=&#8220;-30px&#8220; box_shadow_color=&#8220;rgba(0,0,0,0.46)&#8220; width=&#8220;100%&#8220; max_width=&#8220;125%&#8220; max_width_tablet=&#8220;none&#8220; max_width_last_edited=&#8220;off|desktop&#8220; module_alignment=&#8220;left&#8220; custom_margin=&#8220;-285px||0px|-3vw|false|false&#8220; custom_margin_tablet=&#8220;0px|0px||0vw|false|false&#8220; custom_margin_last_edited=&#8220;on|phone&#8220; locked=&#8220;off&#8220; _i=&#8220;1&#8243; _address=&#8220;0.1.0.1&#8243;][\/et_pb_image][\/et_pb_column][et_pb_column type=&#8220;1_2&#8243; _builder_version=&#8220;3.25.3&#8243; custom_padding__hover=&#8220;|||&#8220; _i=&#8220;1&#8243; _address=&#8220;0.1.1&#8243;][\/et_pb_column][\/et_pb_row][\/et_pb_section][et_pb_section fb_built=&#8220;1&#8243; admin_label=&#8220;Services&#8220; _builder_version=&#8220;3.25.3&#8243; background_color=&#8220;rgba(0,0,0,0)&#8220; custom_padding=&#8220;0px|||||&#8220; z_index=&#8220;1&#8243; fb_built=&#8220;1&#8243; _i=&#8220;1&#8243; _address=&#8220;1&#8243;][et_pb_row custom_padding_last_edited=&#8220;on|phone&#8220; _builder_version=&#8220;3.27.2&#8243; background_color=&#8220;#ffffff&#8220; box_shadow_style=&#8220;preset3&#8243; box_shadow_vertical=&#8220;40px&#8220; box_shadow_blur=&#8220;80px&#8220; box_shadow_color=&#8220;rgba(131,146,167,0.15)&#8220; max_width=&#8220;660px&#8220; custom_margin=&#8220;-2vw|auto||auto|false|false&#8220; custom_margin_tablet=&#8220;-14vw||||false|false&#8220; custom_margin_phone=&#8220;-21vw||||false|false&#8220; custom_margin_last_edited=&#8220;on|desktop&#8220; custom_padding=&#8220;68px|60px|68px|60px|true|true&#8220; custom_padding_tablet=&#8220;60px||60px|40px|true&#8220; custom_padding_phone=&#8220;|20px||20px||true&#8220; _i=&#8220;0&#8243; _address=&#8220;1.0&#8243;][et_pb_column type=&#8220;4_4&#8243; _builder_version=&#8220;3.25.3&#8243; _i=&#8220;0&#8243; _address=&#8220;1.0.0&#8243;][et_pb_text _builder_version=&#8220;3.27.2&#8243; header_font=&#8220;||||||||&#8220; header_2_font=&#8220;Fjalla One||||||||&#8220; header_2_font_size=&#8220;33px&#8220; header_2_line_height=&#8220;1.2em&#8220; min_height=&#8220;79px&#8220; custom_margin=&#8220;-2px||-20px|||&#8220; custom_padding=&#8220;||0px||false|false&#8220; header_2_font_size_tablet=&#8220;50px&#8220; header_2_font_size_phone=&#8220;30px&#8220; header_2_font_size_last_edited=&#8220;on|phone&#8220; locked=&#8220;off&#8220; _i=&#8220;0&#8243; _address=&#8220;1.0.0.0&#8243;]<\/p>\n<h2 style=\"text-align: left;\">Jun 27\u00a0 <span style=\"color: #ff5566;\"><span style=\"color: #f56ea0;\">21 UHR<\/span><br \/> <\/span><\/h2>\n<p>[\/et_pb_text][et_pb_text _builder_version=&#8220;3.27.2&#8243; text_font=&#8220;||||||||&#8220; text_font_size=&#8220;16px&#8220; text_line_height=&#8220;1.8em&#8220; link_font=&#8220;|700||on|||||&#8220; link_text_align=&#8220;right&#8220; link_text_color=&#8220;#ff9c7a&#8220; link_font_size=&#8220;12px&#8220; link_letter_spacing=&#8220;4px&#8220; header_font=&#8220;||||||||&#8220; header_3_font=&#8220;Fjalla One|||on|||||&#8220; header_3_font_size=&#8220;30px&#8220; header_3_letter_spacing=&#8220;10px&#8220; header_3_line_height=&#8220;1.2em&#8220; width_phone=&#8220;100%&#8220; width_last_edited=&#8220;off|phone&#8220; custom_margin=&#8220;||10px&#8220; custom_padding=&#8220;25px|||||&#8220; header_3_font_size_tablet=&#8220;25px&#8220; header_3_font_size_phone=&#8220;20px&#8220; header_3_font_size_last_edited=&#8220;on|phone&#8220; _i=&#8220;1&#8243; _address=&#8220;1.0.0.1&#8243;]<\/p>\n<h3><span class=\"titel\"><span class=\"zielony2017\"><strong class=\"titel\"><strong>SING SING PENELOPE<\/strong><\/strong><strong><em><\/em><\/strong><\/span><\/span><\/h3>\n<p><span class=\"titel\"><span class=\"zielony2017\"><strong class=\"titel\"><strong><\/strong><\/strong><\/span><\/span><\/p>\n<p><span style=\"color: #f56ea0;\"><strong>New Jazzrock aus Polen<\/strong><\/span><\/p>\n<p><span style=\"color: #f56ea0;\"><strong>Wojciech Jachna tp \/ Tomasz Glazik ts \/ Daniel Mackiewicz rhodes, p, org, perc \/ Patryk Weclawek b \/ Rafal Gorzycki dm<\/strong><\/span><\/p>\n<p>Als eine der neuen, \u00e4usserst interessanten Erscheinungen auf dem Gebiet des Jazzrock wird die Gruppe<strong> \u201eSing Sing Penelope\u201c<\/strong> immer wieder erw\u00e4hnt. Enthusiastische Kritiken brachte ihnen der Auftritt beim \u201eWarsaw Summer Jazz Days\u201c-Festival. <\/p>\n<p> Die f\u00fcnf Musiker (Saxophon, Tromphete, Schlagzeug, Piano und Bassgitarre), die der sog. \u201eYass-Scene\u201c entsprungen sind, begeistern mit trance-artigen, von der elektronischen Club-Musik inspirierten Kl\u00e4ngen. <\/p>\n<p> Die Band wurde 2000 in Bydgoszcz gegr\u00fcndet. Ihre Musiker spielen auch in anderen wichtigen polnischen Jazz-, Avantgarde- und Postrock-Formationen. Das Projekt geh\u00f6rt zum Club &#8222;Mozg&#8220; (dt. Hirn), der von f\u00fchrenden polnischen Zeitungen als &#8222;der kreativste Platz der letzten Jahre&#8220; bezeichnet wird. Ihr erkl\u00e4rtes Ziel ist die Entwicklung einer neuen Jazz Linie, eines neuen Stils, den sie u. a. aus dem breiten Erfahrungsspektrum ihrer Musik entwickeln. <\/p>\n<p> \u201eWe Remember Krzeselko\u201d ist das dritte Album der Gruppe. Die ersten zwei \u201eSing Sing Penelope\u201c und \u201eMusic for Umbrellas\u201c wurden von der Kritik enthusiastisch begr\u00fcsst. Der englische Radiosender Last.fm aus London erstellte eine Liste der 10 besten avantgardistischen Jazzalben des Jahres 2005 \u2013 neben Vandermark 5 und BarKokhby von John Zorn erschien dort das erste Album von Sing Sing Penelope. <\/p>\n<p> Die Mitglieder von &#8222;Sing, Sing Penelope&#8220; nahmen an unz\u00e4hligen Plattenaufnahmen, Projekten und Konzerten in Zusammenarbeit mit einigen der kreativsten Europ\u00e4ischen Ensembles und Musikern Teil, wie zum Beispiel: Peter Kowald, Jon Rose, P. Friis-Nielsen, O. Magieres, N. Winther, C. Irgens-Moller, John Doobie, Brandon Furman, Jorgos Skolias, Loco Richter, Pomeranian Filharmony, National Opera House, National Theatre in Cracow.<\/p>\n<p>Links zu Sing Sing Penelope:<\/p>\n<p><a href=\"http:\/\/www.singsingpenelope.com\" target=\"_blank\" rel=\"noopener noreferrer\">http:\/\/www.singsingpenelope.com<\/a><\/p>\n<div>\n<p>H\u00f6rbeispiele auf YouTube:<\/p>\n<p>Sing Sing Penelope 2003 concert<br \/> <a href=\"http:\/\/www.youtube.com\/watch?v=dO2a8QKxhn4\" target=\"_blank\" rel=\"noopener noreferrer\">http:\/\/www.youtube.com<\/a><\/p>\n<\/div>\n<p>sing sing penelope &#8211; fis &amp; love &#8211; concert<br \/> <a href=\"http:\/\/www.youtube.com\/watch?v=mjQoWSjgvuk\" target=\"_blank\" rel=\"noopener noreferrer\">http:\/\/www.youtube.com<\/a><\/p>\n<p>Sing Sing Penelope live at Akwarium 1.03.2008<br \/> <a href=\"http:\/\/www.youtube.com\/watch?v=iSMta4Ffymc\" target=\"_blank\" rel=\"noopener noreferrer\">http:\/\/www.youtube.com<\/a><\/p>\n<p><span class=\"form2\">Eintritt:<\/span><span class=\"Stil3\"> 15,00 \/ 9,00 <br \/> (Erm\u00e4\u00dfigt f\u00fcr Sch\u00fcler, Studenten, Krakauer Turm Verein Mitglieder, DPG Franken Mitglieder, Jazzstudio Mitglieder)<\/span><\/p>\n<p><strong>Veranstaltungsort: <span class=\"Stil3\">Jazz Studio<\/span><br \/> <\/strong><\/p>\n<p>Fotos unten: <span class=\"mini\">Jutta Missbach<\/span><\/p>\n<p>[\/et_pb_text][\/et_pb_column][\/et_pb_row][et_pb_row column_structure=&#8220;1_2,1_2&#8243; _builder_version=&#8220;3.27.2&#8243; custom_margin=&#8220;-79px|auto||auto||&#8220; _i=&#8220;1&#8243; _address=&#8220;1.1&#8243;][et_pb_column type=&#8220;1_2&#8243; _builder_version=&#8220;3.27.2&#8243; _i=&#8220;0&#8243; _address=&#8220;1.1.0&#8243;][et_pb_image src=&#8220;https:\/\/www.polenallergie.de\/pa\/wp-content\/uploads\/2019\/09\/sing.jpg&#8220; _builder_version=&#8220;3.27.2&#8243; _i=&#8220;0&#8243; _address=&#8220;1.1.0.0&#8243;][\/et_pb_image][et_pb_image src=&#8220;https:\/\/www.polenallergie.de\/pa\/wp-content\/uploads\/2019\/09\/sing4.jpg&#8220; _builder_version=&#8220;3.27.2&#8243; locked=&#8220;off&#8220; _i=&#8220;1&#8243; _address=&#8220;1.1.0.1&#8243;][\/et_pb_image][\/et_pb_column][et_pb_column type=&#8220;1_2&#8243; _builder_version=&#8220;3.27.2&#8243; _i=&#8220;1&#8243; _address=&#8220;1.1.1&#8243;][et_pb_image src=&#8220;https:\/\/www.polenallergie.de\/pa\/wp-content\/uploads\/2019\/09\/sing3.jpg&#8220; _builder_version=&#8220;3.27.2&#8243; _i=&#8220;0&#8243; _address=&#8220;1.1.1.0&#8243;][\/et_pb_image][et_pb_image src=&#8220;https:\/\/www.polenallergie.de\/pa\/wp-content\/uploads\/2019\/09\/sing1.jpg&#8220; _builder_version=&#8220;3.27.2&#8243; locked=&#8220;off&#8220; _i=&#8220;1&#8243; _address=&#8220;1.1.1.1&#8243;][\/et_pb_image][\/et_pb_column][\/et_pb_row][\/et_pb_section]<\/p>\n","protected":false},"excerpt":{"rendered":"<p>\u00a0\u00a0\u00a0 Foto: Jutta Missbach Jun 27\u00a0 21 UHR SING SING PENELOPE New Jazzrock aus Polen Wojciech Jachna tp \/ Tomasz Glazik ts \/ Daniel Mackiewicz rhodes, p, org, perc \/ Patryk Weclawek b \/ Rafal Gorzycki dm Als eine der neuen, \u00e4usserst interessanten Erscheinungen auf dem Gebiet des Jazzrock wird die Gruppe \u201eSing Sing Penelope\u201c [&hellip;]<\/p>\n","protected":false},"author":1,"featured_media":0,"parent":0,"menu_order":0,"comment_status":"closed","ping_status":"closed","template":"","meta":{"_et_pb_use_builder":"on","_et_pb_old_content":"","_et_gb_content_width":""},"_links":{"self":[{"href":"https:\/\/www.polenallergie.de\/index.php\/wp-json\/wp\/v2\/pages\/1273"}],"collection":[{"href":"https:\/\/www.polenallergie.de\/index.php\/wp-json\/wp\/v2\/pages"}],"about":[{"href":"https:\/\/www.polenallergie.de\/index.php\/wp-json\/wp\/v2\/types\/page"}],"author":[{"embeddable":true,"href":"https:\/\/www.polenallergie.de\/index.php\/wp-json\/wp\/v2\/users\/1"}],"replies":[{"embeddable":true,"href":"https:\/\/www.polenallergie.de\/index.php\/wp-json\/wp\/v2\/comments?post=1273"}],"version-history":[{"count":3,"href":"https:\/\/www.polenallergie.de\/index.php\/wp-json\/wp\/v2\/pages\/1273\/revisions"}],"predecessor-version":[{"id":1283,"href":"https:\/\/www.polenallergie.de\/index.php\/wp-json\/wp\/v2\/pages\/1273\/revisions\/1283"}],"wp:attachment":[{"href":"https:\/\/www.polenallergie.de\/index.php\/wp-json\/wp\/v2\/media?parent=1273"}],"curies":[{"name":"wp","href":"https:\/\/api.w.org\/{rel}","templated":true}]}}